List the prime factors of 273.
3, 7, 13
What are the prime factors of 17175?
3, 5, 229
List the prime factors of 13802.
2, 67, 103
What are the prime factors of 490?
2, 5, 7
What are the prime factors of 7148?
2, 1787
List the prime factors of 84935.
5, 16987
What are the prime factors of 182?
2, 7, 13
What are the prime factors of 711?
3, 79
What are the prime factors of 114?
2, 3, 19
What are the prime factors of 124288?
2, 971
What are the prime factors of 16402?
2, 59, 139
What are the prime factors of 739?
739
What are the prime factors of 4809?
3, 7, 229
What are the prime factors of 1809?
3, 67
What are the prime factors of 3866?
2, 1933
List the prime factors of 98536.
2, 109, 113
What are the prime factors of 26319?
3, 31, 283
List the prime factors of 11534.
2, 73, 79
What are the prime factors of 4995?
3, 5, 37
List the prime factors of 7021.
7, 17, 59
List the prime factors of 94286.
2, 47143
What are the prime factors of 1559?
1559
List the prime factors of 2556.
2, 3, 71
What are the prime factors of 1715?
5, 7
List the prime factors of 431.
431
What are the prime factors of 73710?
2, 3, 5, 7, 13
List the prime factors of 11935.
5, 7, 11, 31
List the prime factors of 1605.
3, 5, 107
List the prime factors of 879.
3, 293
List the prime factors of 20124.
2, 3, 13, 43
What are the prime factors of 105302?
2, 37, 1423
What are the prime factors of 1838?
2, 919
List the prime factors of 150779.
150779
What are the prime factors of 38167?
38167
List the prime factors of 1618.
2, 809
List the prime factors of 4544.
2, 71
List the prime factors of 1657.
1657
What are the prime factors of 25316?
2, 6329
What are the prime factors of 27188?
2, 7, 971
What are the prime factors of 2448?
2, 3, 17
What are the prime factors of 1976?
2, 13, 19
List the prime factors of 6564.
2, 3, 547
List the prime factors of 1169.
7, 167
What are the prime factors of 1055?
5, 211
List the prime factors of 24512.
2, 383
List the prime factors of 920.
2, 5, 23
What are the prime factors of 9512?
2, 29, 41
What are the prime factors of 5109?
3, 13, 131
List the prime factors of 584.
2, 73
What are the prime factors of 34223?
7, 4889
List the prime factors of 387.
3, 43
What are the prime factors of 3361?
3361
List the prime factors of 4360.
2, 5, 109
What are the prime factors of 2591?
2591
What are the prime factors of 1796?
2, 449
What are the prime factors of 3826?
2, 1913
List the prime factors of 1113.
3, 7, 53
List the prime factors of 245.
5, 7
What are the prime factors of 1632?
2, 3, 17
What are the prime factors of 2690?
2, 5, 269
List the prime factors of 2883.
3, 31
What are the prime factors of 4128?
2, 3, 43
What are the prime factors of 7154?
2, 7, 73
What are the prime factors of 40008?
2, 3, 1667
List the prime factors of 5670.
2, 3, 5, 7
List the prime factors of 2646.
2, 3, 7
List the prime factors of 7523.
7523
What are the prime factors of 29793?
3, 9931
List the prime factors of 1466.
2, 733
List the prime factors of 12654.
2, 3, 19, 37
What are the prime factors of 1458?
2, 3
What are the prime factors of 13497?
3, 11, 409
List the prime factors of 14524.
2, 3631
List the prime factors of 4836.
2, 3, 13, 31
What are the prime factors of 4895?
5, 11, 89
List the prime factors of 102340.
2, 5, 7, 17, 43
What are the prime factors of 733?
733
What are the prime factors of 2010?
2, 3, 5, 67
What are the prime factors of 10063?
29, 347
List the prime factors of 3825.
3, 5, 17
List the prime factors of 4552.
2, 569
What are the prime factors of 30193?
109, 277
What are the prime factors of 16?
2
List the prime factors of 29402.
2, 61, 241
List the prime factors of 23139.
3, 857
List the prime factors of 251.
251
List the prime factors of 16241.
109, 149
List the prime factors of 1105.
5, 13, 17
List the prime factors of 11842.
2, 31, 191
What are the prime factors of 23325?
3, 5, 311
List the prime factors of 4080.
2, 3, 5, 17
List the prime factors of 684.
2, 3, 19
What are the prime factors of 1210?
2, 5, 11
List the prime factors of 3020.
2, 5, 151
What are the prime factors of 694?
2, 347
What are the prime factors of 9371?
9371
What are the prime factors of 50170?
2, 5, 29, 173
List the prime factors of 26092.
2, 11, 593
List the prime factors of 9364.
2, 2341
List the prime factors of 19962.
2, 3, 1109
What are the prime factors of 33647?
33647
What are the prime factors of 2567?
17, 151
List the prime factors of 6531.
3, 7, 311
List the prime factors of 2505.
3, 5, 167
List the prime factors of 20169.
3, 83
What are the prime factors of 14863?
89, 167
What are the prime factors of 5760?
2, 3, 5
List the prime factors of 7510.
2, 5, 751
List the prime factors of 555.
3, 5, 37
List the prime factors of 131623.
43, 3061
What are the prime factors of 741?
3, 13, 19
List the prime factors of 4135.
5, 827
What are the prime factors of 15053?
15053
What are the prime factors of 13923?
3, 7, 13, 17
List the prime factors of 19603.
19603
What are the prime factors of 262?
2, 131
What are the prime factors of 15333?
3, 19, 269
List the prime factors of 8461.
8461
What are the prime factors of 32?
2
What are the prime factors of 1559?
1559
What are the prime factors of 1334?
2, 23, 29
List the prime factors of 12615.
3, 5, 29
What are the prime factors of 749?
7, 107
What are the prime factors of 2455?
5, 491
List the prime factors of 52511.
52511
What are the prime factors of 13672?
2, 1709
What are the prime factors of 3094?
2, 7, 13, 17
List the prime factors of 106870.
2, 5, 10687
What are the prime factors of 2600?
2, 5, 13
What are the prime factors of 13783?
7, 11, 179
What are the prime factors of 6972?
2, 3, 7, 83
What are the prime factors of 6713?
7, 137
List the prime factors of 894.
2, 3, 149
What are the prime factors of 3304?
2, 7, 59
List the prime factors of 1440.
2, 3, 5
List the prime factors of 7847.
7, 19, 59
List the prime factors of 1918.
2, 7, 137
List the prime factors of 12.
2, 3
What are the prime factors of 6820?
2, 5, 11, 31
List the prime factors of 814.
2, 11, 37
List the prime factors of 607.
607
What are the prime factors of 9748?
2, 2437
What are the prime factors of 3231?
3, 359
What are the prime factors of 66870?
2, 3, 5, 743
What are the prime factors of 476?
2, 7, 17
List the prime factors of 16306.
2, 31, 263
List the prime factors of 2311.
2311
List the prime factors of 76.
2, 19
What are the prime factors of 2369?
23, 103
List the prime factors of 4889.
4889
What are the prime factors of 991?
991
What are the prime factors of 133?
7, 19
List the prime factors of 5454.
2, 3, 101
What are the prime factors of 209468?
2, 7, 7481
What are the prime factors of 3558?
2, 3, 593
List the prime factors of 1500.
2, 3, 5
List the prime factors of 28307.
28307
List the prime factors of 3006.
2, 3, 167
List the prime factors of 661.
661
List the prime factors of 100521.
3, 17, 73
What are the prime factors of 330?
2, 3, 5, 11
What are the prime factors of 975?
3, 5, 13
What are the prime factors of 7717?
7717
List the prime factors of 4002.
2, 3, 23, 29
List the prime factors of 9335.
5, 1867
List the prime factors of 3710.
2, 5, 7, 53
List the prime factors of 265.
5, 53
What are the prime factors of 3915?
3, 5, 29
What are the prime factors of 624?
2, 3, 13
List the prime factors of 2234.
2, 1117
What are the prime factors of 66154?
2, 11, 31, 97
List the prime factors of 9987.
3, 3329
List the prime factors of 1531.
1531
What are the prime factors of 4619?
31, 149
List the prime factors of 5419.
5419
What are the prime factors of 74521?
74521
List the prime factors of 285.
3, 5, 19
List the prime factors of 7971.
3, 2657
What are the prime factors of 6619?
6619
What are the prime factors of 26859?
3, 7, 1279
List the prime factors of 34.
2, 17
What are the prime factors of 2818?
2, 1409
What are the prime factors of 1816?
2, 227
What are the prime factors of 12039?
3, 4013
List the prime factors of 2082.
2, 3, 347
What are the prime factors of 26137?
59, 443
What are the prime factors of 52?
2, 13
What are the prime factors of 5007?
3, 1669
List the prime factors of 6737.
6737
List the prime factors of 128405.
5, 61, 421
What are the prime factors of 1083?
3, 19
What are the prime factors of 1805?
5, 19
List the